{"id":6735,"date":"2015-12-03T11:20:12","date_gmt":"2015-12-03T09:20:12","guid":{"rendered":"http:\/\/www.hanvar.ee\/uus\/?page_id=6735"},"modified":"2026-03-20T10:02:05","modified_gmt":"2026-03-20T08:02:05","slug":"arstide-vastuvotuajad","status":"publish","type":"page","link":"http:\/\/www.hanvar.ee\/uus\/arstide-vastuvotuajad\/","title":{"rendered":"Arstide vastuv\u00f5tuajad"},"content":{"rendered":"<p>\n<p><strong>Naistearst<br \/>\n<\/strong>dr. Varje Haavel<br \/>\nvarje.haavel@hanvar.ee<\/p>\n<p>E \u00a09.00\u201316.00<br \/>\nT 12.00\u201317.00<br \/>\nN \u00a09.00\u201316.00<br \/>\nR \u00a09.00\u201316.00\u00a0\u00a0<\/p>\n<br \/>\n<p><strong>\u00c4mmaemand<br \/>\n<\/strong><br \/>\nT 9.00 -12.00<\/p>\n<hr \/>\n<p><strong>Ortopeed-kirurg<\/strong><br \/>\ndr. Hannes Haavel<br \/>\nhannes.haavel@hanvar.ee<\/p>\n<p>E 10.00\u201314.00<br \/>\nT 10.00\u201314.00<br \/>\nK 10.00\u201314.00<br \/>\nN 10.00\u201314.00<br \/>\nR 10.00\u201314.00<\/p>\n<hr \/>\n<p>Registreerida tel 45 38830<\/p>\n<p>\nDr. Triin Nirgi<br \/>\nhanvarperearst@gmail.com<br \/>\nE \u00a09.00\u201313.00<br \/>\nT 12.00-16.00\u00a0<br \/>\nK 9.00\u201313.00<br \/>\nN \u00a09.00\u201313.00<br \/>\nR \u00a09.00\u201313.00<\/p>\n<p><strong>Pere\u00f5de<\/strong> Jaana Kubits<\/p>\n<p>E \u00a08.00\u201314.00<br \/>\nT\u00a0 8.00\u201316.00<br \/>\nK \u00a08.00\u201314.00<br \/>\nN \u00a08.00\u201314.00<br \/>\nR \u00a08.00\u201314.00<\/p>\n<p>PS! Perearsti \u00f5e juures vereanal\u00fc\u00fcside v\u00f5tmine, uuringud, protseduurid t\u00f6\u00f6p\u00e4evade hommikuti 8.00\u20139.00!<br \/>\nTeated ning retsepti uuendamise soovid palume j\u00e4tta automaatvastajale tel 45 38 830 v\u00f5i e-maili aadressile <a href=\"mailto:hanvarperearst@gmail.com\">hanvarperearst@gmail.com<\/a>.\u00a0<br \/>\nVastuv\u00f5tule info ja registreerimine tel 45 33 380.\u00a0<br \/>\nRegistratuur avatud E\u2013R kell 8.00\u201317.00<\/p>\n<p>T\u00e4helepanu!<br \/>\nKui haigestute ning vajate t\u00f6\u00f6v\u00f5imetuslehte,\u00a0<strong>kontakteeruge esimesel p\u00e4eval<\/strong>\u00a0pere\u00f5ega:<br \/>\n\u2013 Saame avada t\u00f6\u00f6v\u00f5imetuslehe.<br \/>\n\u2013 Anname esmased ravisoovitused.<br \/>\n\u2013 Lepime kokku aja arsti vastuv\u00f5tule.<br \/>\n\u2013 NB! Haiguslehti tagantj\u00e4rele ei vormistata!<\/p>\n<p>\u00dchele patsiendile on planeeritud vastuv\u00f5tuajaks\u00a0<strong>30 minutit<\/strong>. Kui olete kindel, et aega v\u00f5ib kuluda rohkem, soovitame registreerida kaks aega. Mitme pereliikmega tulles peab igale pereliikmele registreerima eraldi aja.<\/p>\n<p>Vastuv\u00f5tule registreerimisel k\u00fcsitakse p\u00f5hjust (n\u00e4iteks \u00e4ge haigestumine, t\u00f5endisoov, retseptide pikendamine jne):<br \/>\n\u2013 Antud info p\u00f5hjal on meil v\u00f5imalik otsustada, kui kiireloomulise probleemiga on tegemist.<br \/>\n\u2013 Vajadusel otsustame, kas lahenduse saab leida telefonin\u00f5ustamise teel v\u00f5i on vajalik vastuv\u00f5tule tulla.<br \/>\nVastuv\u00f5tule palume tulla\u00a0<strong>5 minutit<\/strong>\u00a0varem. Hilinemise korral tuleb varuda aega ja j\u00e4\u00e4da ootama ootej\u00e4rjekorda v\u00f5i registreerida uus aeg. Vastuv\u00f5tule tulles\u00a0<strong>palume oodata ooteruumis<\/strong>, kuni arst v\u00f5i \u00f5de teid kutsub.<\/p>\n<p>\u00c4geda terviseprobleemiga perearstikabinetti p\u00f6\u00f6rdudes on teie esmane kontakt pere\u00f5de:<br \/>\n\u2013 Hindab terviseseisundit, ravivajadust ja annab n\u00f5u kergemate terviseprobleemide korral.<br \/>\n\u2013 Arsti vastuv\u00f5tule j\u00f5udmise kiiruse m\u00e4\u00e4rab tervisemure t\u00f5sidus.<\/p>\n<p>Pere\u00f5de tegeleb iseseisvalt vastuv\u00f5tul krooniliste haiguste j\u00e4lgimise ja ennetusega:<br \/>\n\u2013 Annab soovitusi toitumiseks, liikumiseks ja tervislikeks eluviisideks.<br \/>\n\u2013 N\u00f5uandeid terve imiku kasvu ja arengu osas.<br \/>\n\u2013 N\u00f5uandeid k\u00fclmetushaiguste puhuks.<br \/>\n\u2013 N\u00f5uandeid suitsetamisest ja alkoholist loobumiseks.<\/p>\n<p>Vajalik on eelnevalt aeg nii arsti kui ka pere \u00f5e vastuv\u00f5tule kokku leppida. Kui te ei saa kokkulepitud ajal vastuv\u00f5tule tulla, palume sellest v\u00f5imalikult kiiresti teatada: saame aja pakkuda j\u00e4rgmisele abivajajale.<\/p>\n<p>\u2013 V\u00f5imalik on pere \u00f5e v\u00f5i -arsti konsultatsioon ka telefoni teel.<br \/>\n\u2013 E-kirjadele <strong>hanvarperearst@gmail.com<\/strong>\u00a0vastame 3 t\u00f6\u00f6p\u00e4eva jooksul.<br \/>\n&#8211;\u00a0 Retseptid uuendatakse 2 t\u00f6\u00f6p\u00e4eva jooksul!<\/p>\n<p>Eesti Tervisekassa annab teada:<\/p>\n<ul>\n<li>H\u00e4davajadusel pikendavad perearsti n\u00f5uandetelefoni arstid ravimiretsepte n\u00e4dalavahetuseti ning riigip\u00fchadel ajavahemikus <br \/>\n08:00\u201322:00. TEL 1220!<br \/>\nN\u00f5uandetelefon ei v\u00e4ljastata rahustite, uinutite ja ps\u00fchhotroopsete ravimite ja antibiootikumide retsepte v.a. \u00e4geda ts\u00fcstiidi raviks esmavaliku antibiootikum EPS\/EIS haiglav\u00e4liste infektsioonide ravijuhise alusel.<br \/>\nN\u00f5uandetelefon v\u00f5ib patsiendi vajadusel EMO sse suunata, dokumenteerides soovituse ka epikriisi.<br \/>\nRiiklikel p\u00fchadel ja n\u00e4dalavahetusel, ajavahemikul 08:00-22.00, saab graafiku alusel t\u00f6\u00f6tavatel inimestel haigestumise korral isikustatud konsultatsiooni k\u00f5ne vastu v\u00f5tnud arst teha haigestumise ning t\u00f6\u00f6v\u00f5imetuslehe avamise vajaduse kohta m\u00e4rke digiloosse. Seej\u00e4rel peab inimene kindlasti esimesel v\u00f5imalusel \u00fchendust v\u00f5tma oma perearstikeskusega, et t\u00f6\u00f6v\u00f5imetuslehe avamise vajadusest m\u00e4rku anda.<br \/>\nSiinkohal tuleb arvestada, et tegemist on haiguslehe soovist teatamisega, l\u00f5pliku otsuse lehe kinnitamiseks ning avamiseks teeb inimese perearst.<\/li>\n<\/ul>\n<br \/>\n<hr \/>\n<p><strong>Kaalulangetuse n\u00f5ustamine!<\/strong><br \/>\n20.03.2026<\/p>\n<hr \/>\n<p><strong>Hambaarst<\/strong><\/p>\n<p>22-23.aprill 2026<\/p>\n<p>\n<\/p>\n<hr \/>\n<p><strong>Kiropraktik<\/strong> <br \/>\nJaak Lill<\/p>\n<p>J\u00e4rgmine vastuv\u00f5tt:<\/p>\n<p>\n10.04.2026<\/p>\n<p>Vajalik eelnev registreerimine!<\/p>\n<hr \/>\n<p><strong>T\u00f6\u00f6tervishoiuarst<\/strong><br \/>\n23-25.03.2026<br \/>\nVajalik eelnev registreerimine!<\/p>\n<hr \/>\n<p><strong>Noorte n\u00f5ustamiskeskus<\/strong><\/p>\n<p>noorten\u00f5ustaja E, N, R 13.00\u201316.00<br \/>\ng\u00fcnekoloog T 15,00-16,00<br \/>\nkirurg-meestearst K 15,00-16,00<br \/>\n\u00e4mmaemand E 13,00-16,00<br \/>\n\u00a0 \u00a0 \u00a0 \u00a0 \u00a0 \u00a0 \u00a0 \u00a0 \u00a0 \u00a0 \u00a0 N 13,00-16,00<br \/>\n\u00a0 \u00a0 \u00a0 \u00a0 \u00a0 \u00a0 \u00a0 \u00a0 \u00a0 \u00a0 \u00a0 R 13,00-16,00<\/p>\n<p>Telefonik\u00f5nedele vastamise aeg E,N, R 13.00\u201316.00<\/p>\n<p>Teisip\u00e4eviti 10,30-12,00 HIV ; C- hepatiit kiirtestimine!<br \/>\nMSM teenus -tasuta testimine meestega seksivatele meestele!<br \/>\nTestimine k\u00f5igile soovijatele tasuta!<br \/>\nToetab TAI<\/p>\n<p>T\u00e4psem info ja registreerimine v\u00e4ljaspool keskuse vastuv\u00f5tuaegu tel 45 33 380, keskuse tel 45 33 382<\/p>\n<br \/>\n<br \/>\n<p>","protected":false},"excerpt":{"rendered":"<p>Naistearst dr. Varje Haavel varje.haavel@hanvar.ee E \u00a09.00\u201316.00 T 12.00\u201317.00 N \u00a09.00\u201316.00 R \u00a09.00\u201316.00\u00a0\u00a0 \u00c4mmaemand T 9.00 -12.00 Ortopeed-kirurg dr. Hannes Haavel hannes.haavel@hanvar.ee E 10.00\u201314.00 T 10.00\u201314.00 K 10.00\u201314.00 N 10.00\u201314.00 R 10.00\u201314.00 Registreerida tel 45 38830 Dr. Triin Nirgi hanvarperearst@gmail.com E \u00a09.00\u201313.00 T 12.00-16.00\u00a0 K 9.00\u201313.00 N \u00a09.00\u201313.00 R \u00a09.00\u201313.00 Pere\u00f5de Jaana Kubits E \u00a08.00\u201314.00&#8230;<\/p>\n","protected":false},"author":1,"featured_media":0,"parent":0,"menu_order":0,"comment_status":"closed","ping_status":"closed","template":"","meta":{"footnotes":""},"class_list":["post-6735","page","type-page","status-publish","hentry"],"_links":{"self":[{"href":"http:\/\/www.hanvar.ee\/uus\/wp-json\/wp\/v2\/pages\/6735","targetHints":{"allow":["GET"]}}],"collection":[{"href":"http:\/\/www.hanvar.ee\/uus\/wp-json\/wp\/v2\/pages"}],"about":[{"href":"http:\/\/www.hanvar.ee\/uus\/wp-json\/wp\/v2\/types\/page"}],"author":[{"embeddable":true,"href":"http:\/\/www.hanvar.ee\/uus\/wp-json\/wp\/v2\/users\/1"}],"replies":[{"embeddable":true,"href":"http:\/\/www.hanvar.ee\/uus\/wp-json\/wp\/v2\/comments?post=6735"}],"version-history":[{"count":377,"href":"http:\/\/www.hanvar.ee\/uus\/wp-json\/wp\/v2\/pages\/6735\/revisions"}],"predecessor-version":[{"id":8177,"href":"http:\/\/www.hanvar.ee\/uus\/wp-json\/wp\/v2\/pages\/6735\/revisions\/8177"}],"wp:attachment":[{"href":"http:\/\/www.hanvar.ee\/uus\/wp-json\/wp\/v2\/media?parent=6735"}],"curies":[{"name":"wp","href":"https:\/\/api.w.org\/{rel}","templated":true}]}}